 the millions digit of 11832639?
1
What is the thousands digit of 84392?
4
What is the tens digit of 1147417?
1
What is the thousands digit of 7962482?
2
What is the millions digit of 34048844?
4
What is the thousands digit of 189041?
9
What is the thousands digit of 2298906?
8
What is the thousands digit of 16513769?
3
What is the ten thousands digit of 2727317?
2
What is the hundred thousands digit of 4402096?
4
What is the hundred thousands digit of 446602?
4
What is the units digit of 1042993?
3
What is the tens digit of 3236604?
0
What is the thousands digit of 1491511?
1
What is the ten thousands digit of 288192?
8
What is the tens digit of 1070321?
2
What is the ten thousands digit of 737034?
3
What is the tens digit of 295550?
5
What is the hundreds digit of 280786?
7
What is the hundred thousands digit of 20774854?
7
What is the thousands digit of 319758?
9
What is the millions digit of 2898902?
2
What is the thousands digit of 5023216?
3
What is the thousands digit of 198684?
8
What is the tens digit of 33810771?
7
What is the tens digit of 134038?
3
What is the units digit of 57949?
9
What is the thousands digit of 6169538?
9
What is the units digit of 21563374?
4
What is the ten thousands digit of 161156?
6
What is the tens digit of 5150750?
5
What is the ten thousands digit of 344815?
4
What is the ten thousands digit of 2208324?
0
What is the units digit of 53146?
6
What is the tens digit of 229921?
2
What is the tens digit of 143535?
3
What is the ten thousands digit of 282844?
8
What is the units digit of 187243?
3
What is the ten thousands digit of 332834?
3
What is the ten thousands digit of 148924?
4
What is the hundred thousands digit of 980998?
9
What is the millions digit of 16784777?
6
What is the thousands digit of 320402?
0
What is the thousands digit of 817294?
7
What is the hundreds digit of 3200036?
0
What is the tens digit of 13346?
4
What is the tens digit of 206512?
1
What is the tens digit of 206848?
4
What is the units digit of 2128051?
1
What is the millions digit of 2190010?
2
What is the ten thousands digit of 316583?
1
What is the hundreds digit of 2898867?
8
What is the hundreds digit of 433519?
5
What is the units digit of 21645?
5
What is the thousands digit of 5159927?
9
What is the thousands digit of 173259?
3
What is the thousands digit of 10437077?
7
What is the thousands digit of 8421225?
1
What is the hundred thousands digit of 1273039?
2
What is the hundreds digit of 166892?
8
What is the tens digit of 7889639?
3
What is the thousands digit of 143030?
3
What is the hundred thousands digit of 156515?
1
What is the ten thousands digit of 187477?
8
What is the hundreds digit of 823534?
5
What is the hundred thousands digit of 6167968?
1
What is the hundred thousands digit of 39003845?
0
What is the ten thousands digit of 336551?
3
What is the hundreds digit of 6497813?
8
What is the hundred thousands digit of 554648?
5
What is the hundreds digit of 6697527?
5
What is the hundreds digit of 40817039?
0
What is the tens digit of 162227?
2
What is the units digit of 4752587?
7
What is the tens digit of 9785521?
2
What is the hundreds digit of 310989?
9
What is the ten millions digit of 18393143?
1
What is the hundred thousands digit of 301965?
3
What is the tens digit of 726433?
3
What is the thousands digit of 2766107?
6
What is the millions digit of 1371956?
1
What is the ten thousands digit of 3278068?
7
What is the ten thousands digit of 34856598?
5
What is the units digit of 200515?
5
What is the hundred thousands digit of 6616193?
6
What is the millions digit of 1342035?
1
What is the millions digit of 5284934?
5
What is the thousands digit of 110954?
0
What is the thousands digit of 231652?
1
What is the tens digit of 52200?
0
What is the hundreds digit of 580312?
3
What is the tens digit of 253600?
0
What is the hundreds digit of 1985955?
9
What is the hundred thousands digit of 356734?
3
What is the tens digit of 358960?
6
What is the tens digit of 16900148?
4
What is the hundreds digit of 274372?
3
What is the millions digit of 10966863?
0
What is the ten thousands digit of 529787?
2
What is the tens digit of 6846232?
3
What is the thousands digit of 1620201?
0
What is the tens digit of 5317257?
5
What is the ten thousands digit of 363372?
6
What is the hundreds digit of 394930?
9
What is the millions digit of 6806900?
6
What is the thousands digit of 14041093?
1
What is the hundreds digit of 140806?
8
What is the tens digit of 28162?
6
What is the thousands digit of 4071?
4
What is the hundreds digit of 149296?
2
What is the tens digit of 4979825?
2
What is the hundred thousands digit of 130033?
1
What is the units digit of 7873860?
0
What is the hundred thousands digit of 1104306?
1
What is the ten thousands digit of 4178953?
7
What is the ten thousands digit of 331686?
3
What is the ten thousands digit of 141806?
4
What is the millions digit of 1683731?
1
What is the thousands digit of 2009196?
9
What is the tens digit of 82282?
8
What is the tens digit of 214346?
4
What is the tens digit of 1097486?
8
What is the hundred thousands digit of 192719?
1
What is the tens digit of 1008383?
8
What is the ten thousands digit of 2877485?
7
What is the ten millions digit of 21658846?
2
What is the thousands digit of 806792?
6
What is the hundreds digit of 5114?
1
What is the hundred thousands digit of 914655?
9
What is the tens digit of 13716909?
0
What is the tens digit of 7549571?
7
What is the ten thousands digit of 12790?
1
What is the hundreds digit of 17125025?
0
What is the millions digit of 1173335?
1
What is the units digit of 553329?
9
What is the thousands digit of 40933?
0
What is the hundreds digit of 5802922?
9
What is the tens digit of 11105486?
8
What is the hundreds digit of 1670901?
9
What is the ten thousands digit of 751132?
5
What is the ten thousands digit of 387136?
8
What is the hundreds digit of 558157?
1
What is the ten thousands digit of 331039?
3
What is the tens digit of 5834?
3
What is the thousands digit of 1182018?
2
What is the ten thousands digit of 4324546?
2
What is the ten thousands digit of 7934858?
3
What is the thousands digit of 941348?
1
What is the tens digit of 609064?
6
What is the tens digit of 772271?
7
What is the tens digit of 499352?
5
What is the hundreds digit of 511694?
6
What is the hundred thousands digit of 415831?
4
What is the units digit of 1882079?
9
What is the hundred thousands digit of 341314?
3
What is the tens digit of 2264020?
2
What is the units digit of 3732561?
1
What is the tens digit of 2180203?
0
What is the hundred thousands digit of 23731901?
7
What is the hundred thousands digit of 133680?
1
What is the hundred thousands digit of 1447958?
4
What is the thousands digit of 1124576?
4
What is the hundreds digit of 99720?
7
What is the tens digit of 987339?
3
What is the hundred thousands digit of 6003833?
0
What is the millions digit of 4600408?
4
What is the ten thousands digit of 293085?
9
What is the tens digit of 2951?
5
What is the hundreds digit of 2049303?
3
What is the hundreds digit of 6074602?
6
What is the hundreds digit of 298535?
5
What is the units digit of 36529?
9
What is the units digit of 354170?
0
What is the hundred thousands digit of 38516485?
5
What is the hundred thousands digit of 1792564?
7
What is the hundred thousands digit of 313460?
3
What is the hundreds digit of 236804?
8
What is the units digit of 4392667?
7
What is the hundred thousands digit of 1029644?
0
What is the ten thousands digit of 3491857?
9
What is the ten thousands digit of 865380?
6
What is the thousands digit of 647111?
7
What is the ten millions digit of 16273802?
1
What is the ten thousands digit of 1399659?
9
What is the thousands digit of 13393611?
3
What is the hundred thousands digit of 821056?
8
What is the hundred thousands digit of 2479398?
4
What is the units digit of 27580146?
6
What is the ten thousands digit of 3840775?
4
What is the units digit of 661473?
3
What is the tens digit of 622724?
2
What is the millions digit of 17224012?
7
What is the ten thousands digit of 1041947?
4
What is the hundreds digit of 740624?
6
What is the millions digit of 1770814?
1
What is the ten millions digit of 15591830?
1
What is the